-5 + (5 - 2 - 1)
-2
15 - 7 - (2 - 5 - -3)
8
Evaluate (1 - 0) + -50 + 43.
-6
Calculate 7 - ((-9 - (-5 + -2)) + 5).
4
Calculate 7 + -5 + 6 - 10.
-2
Evaluate -3 + (10 - 18) + 3.
-8
-9 + -1 + (-10 - -23)
3
(3 - 1) + 2 - (-1 - -11)
-6
What is the value of -15 + 17 + -2 + 1 - -1?
2
What is 15 + -10 - (1 - -6)?
-2
4 + 0 - (-12 + 21)
-5
What is -7 + (7 - -8 - 6)?
2
Evaluate (2 - -9) + (3 - 7) - 4.
3
Evaluate -1 - (3 + 0) - 3 - -4.
-3
(5 - (-6 - -9) - 7) + -2
-7
-5 + (-1 - -6) + -1 + 2
1
Calculate -9 + 8 + -4 - -1.
-4
What is -7 - (-16 - (-2 - 5))?
2
What is -8 + 10 + -3 + (-5 - -2)?
-4
(-4 - -7) + 0 - 0
3
11 + (-1 - -2) + -3 + -3
6
What is the value of 1 - (-8 - -3 - 2 - -2)?
6
0 + 5 - 1 - (114 + -115)
5
Calculate (5 - 17) + 13 - -3.
4
Evaluate -4 + (2 - 1 - -7).
4
What is the value of 3 - (11 + -4 + 0)?
-4
What is the value of 3 - (0 + 0 - -4)?
-1
Calculate (6 - 10) + -5 + 1.
-8
What is the value of (-3 - -6) + -6 + 4 + -5?
-4
Evaluate (3 - 3) + (6 + -5 - -6).
7
What is -3 - ((-2 - 2) + 6 + 0)?
-5
Evaluate -30 + 18 - (-3 - 4).
-5
Calculate 3 - (4 + -1) - (5 + -3).
-2
Evaluate (-2 - -5) + 1 - (-1 - -6).
-1
What is the value of (-1 - (0 - -11)) + -51 + 57?
-6
Evaluate 1 + -4 + (-11 - -17).
3
Calculate 1 + (7 - (6 + 6)).
-4
What is the value of -10 - (-5 + 11 + -7 + 0)?
-9
What is the value of 0 + -3 + 2 - (2 - 3)?
0
What is (3 - (4 + 1)) + 5?
3
5 - (4 + -2 + -1)
4
What is (-2 - -5) + (-2 - 0 - 0)?
1
What is -1 + (4 - (4 - 0))?
-1
Calculate (-1 - 0) + (10 - 23) + 10.
-4
Evaluate -2 + 8 + (-5 - 1) + -4.
-4
(1 - (12 + -6)) + 3 + 8
6
What is the value of -6 + 1 + 2 + -9 + 10?
-2
-1 + (-3 - 0) + -15 + 21
2
What is the value of (-5 - -3) + 0 + 5?
3
What is 4 + (2 - 3) - (5 + -3)?
1
What is the value of (-2 - -1) + (-3 + 2 - -4)?
2
Calculate 1 - (2 + -4) - 4 - 1.
-2
What is 270 + -255 - (0 + 5)?
10
What is (-4 - -1) + 10 - 4?
3
Evaluate 2 + (2 + -1 - -2) + 0.
5
2 - (6 - 1) - 2
-5
-1 + (-7 - -2) + 2
-4
0 + 1 + 0 + -6 - -11
6
Calculate 3 + -4 + 4 - 3.
0
Evaluate (0 - 0) + 18 + -19 + 2.
1
-2 + (2 - 0) + -1 + 1
0
Evaluate 2 - (1 - (-5 - (-3 - -1))).
-2
Evaluate (-4 - -1) + -2 + (0 - 0).
-5
What is -7 + 7 + -12 + 7?
-5
(0 - 9) + 13 + 8 + -17
-5
What is the value of -4 - ((-1 - (3 - 4)) + -3)?
-1
(-32 - -24) + (1 - 0)
-7
What is the value of -5 + 10 - 1 - (3 - 2)?
3
What is the value of -1 + (-9 - -3) + 13?
6
Evaluate 3 + -6 + 18 + -16.
-1
Evaluate 8 + -3 + -19 + 15.
1
What is the value of (1 - -2) + (-13 - -9 - 1)?
-2
Evaluate 4 + (-1 - (5 - 6)).
4
What is (2 - 4) + -5 + 4 - -6?
3
Calculate -1 + (12 + -13 - -10).
8
(4 - 9 - -9) + -3
1
1 + (0 + 4 - 6 - -4)
3
Evaluate -2 + 0 + -1 + -1.
-4
What is (5 - 5) + -3 + -8 + 5?
-6
-5 - (7 - (5 + 5))
-2
Evaluate 1 + (6 - 8) - 0 - -2.
1
What is 0 - 4 - (4 - (2 + 8))?
2
What is the value of -3 + 2 + 4 + -3 + 0?
0
4 + -12 + 4 + 5 - 3
-2
What is the value of 0 + (-2 - -10) + -4?
4
What is -10 - -18 - (3 + 11)?
-6
What is -3 + 0 + -5 + 0 + 5?
-3
What is the value of (3 - 1) + -8 + (3 - -5)?
2
What is the value of 4 + (-2 - (-4 + 9 + 2))?
-5
-5 + 8 + (-21 - -10)
-8
7 - (14 + -6) - -1
0
Calculate -8 - (-13 + 15 + -2).
-8
Evaluate -89 + 81 + (1 - 2) + 3.
-6
Evaluate -2 + 0 + 6 - 10.
-6
3 - ((11 - 1) + (-6 - -1))
-2
What is -68 + 69 - ((-2 - -4) + 3)?
-4
Evaluate -6 + 4 - (-7 + 4) - 4.
-3
What is the value of 9 + -5 - -4 - 15?
-7
Evaluate -1 - 4 - (16 - 15).
-6
2 + -4 + (7 - (15 - 8))
-2
1 + -8 + 3 - (4 + 1)
-9
Calculate -14 - (-5 - (5 + -7 + 3)).
-8
26 + -10 - 2 - 9
5
Calculate -10 + -1 + (46 - 43) - -7.
-1
What is the value of -4 - -11 - 2 - 0?
5
What is the value of 1 + 0 + (5 - 6)?
0
3 + -1 - (2 + -4) - 4
0
Evaluate -7 - ((-12 - -5) + 0).
0
Calculate 8 - (-14 + 47 + -14).
-11
Evaluate (-2 - (5 + -2) - -5) + 2.
2
Calculate -9 + -8 + -1 + 10.
-8
2 + (-2 - 4) + -1
-5
-2 - (-8 - -5) - 6
-5
Evaluate 0 - -3 - ((-3 - 0) + 5).
1
-2 - (5 - (1 - -3))
-3
1 - -2 - 0 - -2
5
Calculate -10 + 13 - 5 - -3.
1
What is the value of 1 + (1 - (1 - -1) - 2)?
-2
Evaluate 11 + (-6 - 13) + 13.
5
What is the value of (5 - 1) + -2 + (-4 - -7)?
5
Evaluate (-5 - -3) + (3 - -7 - 3).
5
What is the value of (-7 - -3) + 4 - -9?
9
What is (4 - 1) + (7 - 8) + -3?
-1
5 + (-6 - (-7 - -11))
-5
Evaluate -4 + (-1 - -5 - (18 + -16)).
-2
Evaluate 7 + 2 + -13 + 8.
4
Evaluate -2 - (-2 - 9) - (-4 + 7).
6
What is the value of 7 - (11 + -2 + 0)?
-2
Calculate 7 + -14 + 2 + 3 - 5.
-7
Calculate -8 + 1 + -1 + 2.
-6
What is the value of (-6 + 1 - 1) + 3?
-3
2 - (1 + 0) - -2 - 4
-1
What is 8 - (-6 - -5) - 4?
5
What is the value of 1 + (0 - -7 - 3) + 3?
8
Calculate 2 + 0 - (-8 + 8).
2
What is the value of -1 - (5 - (-6 - -9))?
-3
Evaluate -8 - (-1 + (6 - 2) - 6).
-5
Evaluate 0 + 2 - (6 + -2).
-2
Evaluate (-2 - (4 - (9 - 5))) + 3.
1
Evaluate -2 + -5 + 0 + 3.
-4
What is (4 - 0) + (-3 - -3)?
4
Calculate (15 + -3 - 0) + -8.
4
What is the value of 3 + -1 + -38 + 39?
3
Calculate 17 + (-7 - -4) - 5.
9
Calculate 5 - (-8 + -2 - -14).
1
What is the value of (-9 - -10) + (2 + -1 - 1)?
1
What is -21 + 15 + (14 - 3)?
5
Calculate -3 + -17 + 2 + 11.
-7
Evaluate 4 - (-2 + (-2 - -4)).
4
Calculate 12 + -16 + (13 - 3).
6
Evaluate (8 - (-2 + 5 + 11)) + -4.
-10
Calculate (-2 - 0) + (-8 - -3) + 6.
-1
-2 - (-3 + 3 - 0)
-2
What is -4 - -2 - 1 - (-5 - -2)?
0
4 - 3 - (-1 - -1)
1
Evaluate -3 + 0 - (-7 - -2 - -5).
-3
What is 0 - (3 - 5 - -3)?
-1
-76 + 82 + 1 + -1
6
Evaluate -11 + 7 + (0 - -9).
5
Calculate -3 - ((15 - 18) + 5 + 0).
-5
Calculate -2 + 1 + (20 - 17) + 5.
7
0 + 2 - -1 - 0
3
Evaluate 3 - (5 - (4 + 3)).
5
Calculate 3 - (11 + -2 - 3) - 5.
-8
Evaluate 0 - 5 - (-77 - -68).
4
Evaluate (2 - (-3 + 11)) + 5 + 6.
5
Calculate -1 - ((13 - 10) + 0 + 6).
-10
What is the value of 2 + (-6 - -3 - -4) + 0?
3
Evaluate 6 + -3 + (1 - 0) - 3.
1
Calculate -2 + -3 + 2 - (3 + -2).
-4
Evaluate 4 - 3 - (-1 + -2).
4
-4 - (-6 - (-4 - -3))
1
What is 6 + 2 + (-4 - 1)?
3
Evaluate 2 + (0 - -5) + (-2 - 3).
2
What is 3 - ((3 - 1) + -3 + -1)?
5
Evaluate (-5 - 4 - -4) + 5.
0
What is (14 - 17) + 7 + -4?
0
What is the value of 3 + (-1 - -2) + -4?
0
0 + -2 - (-30 + 30)
-2
Calculate 9 + -4 + 1 + -5.
1
What is the value of 4 + (-1 - -2) + -10?
-5
What is the value of -7 - (17 + 14 + -28)?
-10
Calculate (3 - (2 + 1)) + (2 - -2).
4
20 - 31 - (-1 - 5)
-5
Calculate -7 - -1 - (-1 - 1).
-4
Calculate (1 - -1) + -34 + 39 - -1.
8
What is -3 - (-2 + (-1 - (-3 + 0)))?
-3
What is 1 + (-2 - 0) - (45 + -38)?
-8
Calculate (9 - (7 - 3)) + 0.
5
Evaluate -2 + (-1 - (3 + -9)) + -8.
-5
What is the value of (0 - 0 - 6) + (19 - 5)?
8
What is the value of 5 - (0 + 4) - 2?
-1
What is 1 + 1 + -1 + 4?
5
What is the value of -13 + 23 + -13 + 4?
1
What is the value of -3 + -5 + (6 - (1 + 2))?
-5
Evaluate 3 + -1 - ((-1 - 3) + 2).
4
What is -2 - (8 + -4 - 3)?
-3
Calculate -5 + (-7 - -19) + (-5 - 5).
-3
Calculate (-13 - -31) + (3 - 10).
11
Calculate 8 - (22 - (-6 - -8 - -4)).
-8
What is (17 - 14) + 1 + 1 + -1?
4
What is 5 - (8 - 3) - 5?
-5
What is 10 - (10 - (4 + 0))?
4
1 + 5 + -5 - 6
-5
Evaluate -1 + 4 - (1 - (-1 - -2)).
3
16 + -3 - (6 + 1)
6
What is the value of 1 + -3 + 1 + -1 + 2?
0
Calculate 10 - (0 + -2) - 6.
6
Calculate 5 + 3 + -5 + 0.
3
Calculate 7 - (0 + (0 - -2)).
5
Evaluate -2 - (-2 - (1 - 2)).
-1
(1 - -5) + -10 + 14 + -4
6
Calculate 8 - (3 - 3) - 17.
-9
What is the value of -2 - ((-3 - (-3 - -6)) + 4)?
0
What is the value of (-4 - -2 - 3) + 2?
-3
2 + -6 + 6 + -5
-3
What is the value of -16 - (10 - 19) - (-2 - 0)?
-5
5 + (1 - (9 - (3 - 4)))
-4
What is the value of -8 + 8 + (-2 + 0 - 5)?
-7
Evaluate (-15 - -2 - -6) + 4.
-3
What is (-1 - -1) + 3 + -5 - -5?
3
Calculate -3 + -1 - -2 - (-2 - -3).
-3
Evaluate -2 + (-8 - (-22 + 8)).
4
Evaluate 3 + -9 + (6 - 2) + -2.
-4
Calculate 2 + 3 + -5 + 5.
5
What is the value of 2 - (-3 + (1 + 0 - -3))?
1
What is -6 + 3 + (-8 - (4 + -7))?
-8
Evaluate -6 - (-4 + 6 + -8).
0
What is (5 + -10 - -1) + 5?
1
Evaluate (-8 - -3) + 1 + 6.
2
What is (9 - 1) + (-13 - -6) + -9?
-8
-5 + (3 + 0 - -2)
0
Calculate 4 - ((-2 + 10 - 8) + 1).
3
Calculate -7 - (-6 + 2) - 0.
-3
Calculate 13 + (10 - 8) + -9.
6
What is 1 - (-3 + (3 - (0 + 0)))?
1
What is the value of (1 - -3) + -10 + 1?
-5
What is the value of (-4 + -3 - -2) + 2?
-3
Evaluate -5 + 2 + -1 + (2 - -3).
1
Calculate 5 - -1 - (117 + -117).
6
Calculate -3 + 3 - (5 - 3) - -3.
1
Evaluate -3 +